{"id":5440,"date":"2023-07-17T11:07:44","date_gmt":"2023-07-17T09:07:44","guid":{"rendered":"https:\/\/bos-scheyern.de\/bo\/?page_id=5440"},"modified":"2026-01-28T11:57:11","modified_gmt":"2026-01-28T10:57:11","slug":"mekos-mit-der-medienkompetenzschulung-ausgezeichnet-vorbereitet-auf-die-digitale-zukunft","status":"publish","type":"page","link":"https:\/\/bos-scheyern.de\/bo\/?page_id=5440","title":{"rendered":"MeKoS &#8211; Mit der Medienkompetenzschulung ausgezeichnet vorbereitet auf die digitale Zukunft!"},"content":{"rendered":"\n<div style=\"height:30px\" aria-hidden=\"true\" class=\"wp-block-spacer\"><\/div>\n\n\n\n<p>Die Digitalisierung ver\u00e4ndert die Bildungs-, Lebens- und Arbeitswelt rasant. Um die Jugendlichen auf diese Ver\u00e4nderungen und diese Herausforderungen in geeigneter Weise vorzubereiten, bieten wir unseren Sch\u00fclerinnen und Sch\u00fclern eine zus\u00e4tzliche Qualifikation an, das MeKoS-Zertifikat. Im Rahmen der Medienkompetenzschulung vermitteln wir wertvolle Schl\u00fcsselkompetenzen, die die Jugendlichen auf die digitale Welt von morgen vorbereiten. <\/p>\n\n\n\n<div style=\"height:30px\" aria-hidden=\"true\" class=\"wp-block-spacer\"><\/div>\n\n\n\n<h3>1. Einblicke<\/h3>\n\n\n\n<figure class=\"wp-block-video\"><video controls src=\"https:\/\/bos-scheyern.de\/bo\/wp-content\/uploads\/2023\/06\/MeKoS-Videoclip-Homepage.mp4\"><\/video><\/figure>\n\n\n\n<div style=\"height:30px\" aria-hidden=\"true\" class=\"wp-block-spacer\"><\/div>\n\n\n\n<h3>2. Zentrale Inhalte des Zertifikats <\/h3>\n\n\n\n<h5>     a) 11. Jahrgangsstufe<\/h5>\n\n\n\n<div style=\"height:30px\" aria-hidden=\"true\" class=\"wp-block-spacer\"><\/div>\n\n\n\n<div class=\"wp-block-buttons is-content-justification-center\">\n<div class=\"wp-block-button has-custom-font-size is-style-outline has-small-font-size\"><a class=\"wp-block-button__link has-black-color has-white-background-color has-text-color has-background no-border-radius\">Digital Wellbeing<\/a><\/div>\n\n\n\n<div class=\"wp-block-button has-custom-font-size is-style-outline has-small-font-size\"><a class=\"wp-block-button__link no-border-radius\">Algorithmen und ich <\/a><\/div>\n\n\n\n<div class=\"wp-block-button has-custom-font-size is-style-outline has-small-font-size\"><a class=\"wp-block-button__link no-border-radius\">KI: Grundlagen<\/a><\/div>\n\n\n\n<div class=\"wp-block-button has-custom-font-size is-style-outline has-small-font-size\"><a class=\"wp-block-button__link no-border-radius\">TikTok<\/a><\/div>\n\n\n\n<div class=\"wp-block-button has-custom-font-size is-style-outline has-small-font-size\"><a class=\"wp-block-button__link no-border-radius\">Officeprogramme<\/a><\/div>\n<\/div>\n\n\n\n<div style=\"height:40px\" aria-hidden=\"true\" class=\"wp-block-spacer\"><\/div>\n\n\n\n<h5>     b) 12. Jahrgangsstufe<\/h5>\n\n\n\n<div style=\"height:20px\" aria-hidden=\"true\" class=\"wp-block-spacer\"><\/div>\n\n\n\n<div class=\"wp-block-buttons is-content-justification-center\">\n<div class=\"wp-block-button has-custom-font-size is-style-outline has-small-font-size\"><a class=\"wp-block-button__link has-black-color has-white-background-color has-text-color has-background no-border-radius\">Literaturrecherche<\/a><\/div>\n\n\n\n<div class=\"wp-block-button has-custom-font-size is-style-outline has-small-font-size\"><a class=\"wp-block-button__link no-border-radius\">Wissenschaftlichkeit von Quellen<\/a><\/div>\n\n\n\n<div class=\"wp-block-button has-custom-font-size is-style-outline has-small-font-size\"><a class=\"wp-block-button__link no-border-radius\">Creative Commons<\/a><\/div>\n\n\n\n<div class=\"wp-block-button has-custom-font-size is-style-outline has-small-font-size\"><a class=\"wp-block-button__link no-border-radius\">KI<\/a><\/div>\n\n\n\n<div class=\"wp-block-button has-custom-font-size is-style-outline has-small-font-size\"><a class=\"wp-block-button__link no-border-radius\">KI und Ethik<\/a><\/div>\n<\/div>\n\n\n\n<div style=\"height:40px\" aria-hidden=\"true\" class=\"wp-block-spacer\"><\/div>\n\n\n\n<h5>c) 13. Jahrgangsstufe<\/h5>\n\n\n\n<div style=\"height:20px\" aria-hidden=\"true\" class=\"wp-block-spacer\"><\/div>\n\n\n\n<div class=\"wp-block-buttons\">\n<div class=\"wp-block-button has-custom-width wp-block-button__width-100 has-custom-font-size is-style-outline has-small-font-size\"><a class=\"wp-block-button__link no-border-radius\">Wissenschaftliches Arbeiten und K\u00fcnstliche Intelligenz<\/a><\/div>\n<\/div>\n\n\n\n<div style=\"height:20px\" aria-hidden=\"true\" class=\"wp-block-spacer\"><\/div>\n\n\n\n<h3>3. Ablauf der Zusatzqualifikation<\/h3>\n\n\n\n<p>Die Module der MeKoS der FOSBOS Scheyern werden im Rahmen eines Selbstlernkurses der Lernplattform der ByCS von den Sch\u00fclerinnen und Sch\u00fclern selbstst\u00e4ndig bearbeitet. Dabei ist es uns wichtig, unsere Lernenden dabei zu unterst\u00fctzen, selbstgesteuert und eigenverantwortlich Inhalte zu erarbeiten. <\/p>\n\n\n\n<div style=\"height:30px\" aria-hidden=\"true\" class=\"wp-block-spacer\"><\/div>\n\n\n\n<hr class=\"wp-block-separator is-style-default\"\/>\n\n\n\n<div class=\"wp-block-media-text alignwide has-media-on-the-right is-stacked-on-mobile is-vertically-aligned-center\" style=\"grid-template-columns:auto 26%\"><figure class=\"wp-block-media-text__media\"><img src=\"https:\/\/bos-scheyern.de\/bo\/wp-content\/uploads\/2023\/06\/isi-DIGITAL-2023-Preistra\u2560eger-Button-Berufliche-Schulen-3.png\" alt=\"\" class=\"wp-image-5442 size-full\"\/><\/figure><div class=\"wp-block-media-text__content\">\n<blockquote class=\"wp-block-quote has-text-align-center\"><p>Ausgezeichnet mit dem bayerischen Schulinnovationspreis <\/p><p>isi DIGITAL 2023<\/p><\/blockquote>\n<\/div><\/div>\n\n\n\n<hr class=\"wp-block-separator is-style-default\"\/>\n","protected":false},"excerpt":{"rendered":"<p>Die Digitalisierung ver\u00e4ndert die Bildungs-, Lebens- und Arbeitswelt rasant. Um die Jugendlichen auf diese Ver\u00e4nderungen und diese Herausforderungen in geeigneter Weise vorzubereiten, bieten wir unseren Sch\u00fclerinnen und Sch\u00fclern eine zus\u00e4tzliche <a class=\"more-link\" href=\"https:\/\/bos-scheyern.de\/bo\/?page_id=5440\">weiterlesen<span class=\"screen-reader-text\">MeKoS &#8211; Mit der Medienkompetenzschulung ausgezeichnet vorbereitet auf die digitale Zukunft!<\/span><span class=\"meta-nav\">\u2192<\/span><\/a><\/p>\n","protected":false},"author":14,"featured_media":0,"parent":0,"menu_order":15,"comment_status":"closed","ping_status":"closed","template":"","meta":[],"_links":{"self":[{"href":"https:\/\/bos-scheyern.de\/bo\/index.php?rest_route=\/wp\/v2\/pages\/5440"}],"collection":[{"href":"https:\/\/bos-scheyern.de\/bo\/index.php?rest_route=\/wp\/v2\/pages"}],"about":[{"href":"https:\/\/bos-scheyern.de\/bo\/index.php?rest_route=\/wp\/v2\/types\/page"}],"author":[{"embeddable":true,"href":"https:\/\/bos-scheyern.de\/bo\/index.php?rest_route=\/wp\/v2\/users\/14"}],"replies":[{"embeddable":true,"href":"https:\/\/bos-scheyern.de\/bo\/index.php?rest_route=%2Fwp%2Fv2%2Fcomments&post=5440"}],"version-history":[{"count":29,"href":"https:\/\/bos-scheyern.de\/bo\/index.php?rest_route=\/wp\/v2\/pages\/5440\/revisions"}],"predecessor-version":[{"id":6906,"href":"https:\/\/bos-scheyern.de\/bo\/index.php?rest_route=\/wp\/v2\/pages\/5440\/revisions\/6906"}],"wp:attachment":[{"href":"https:\/\/bos-scheyern.de\/bo\/index.php?rest_route=%2Fwp%2Fv2%2Fmedia&parent=5440"}],"curies":[{"name":"wp","href":"https:\/\/api.w.org\/{rel}","templated":true}]}}

<div style="height:30px" aria-hidden="true" class="wp-block-spacer"></div>



<p>Die Digitalisierung verändert die Bildungs-, Lebens- und Arbeitswelt rasant. Um die Jugendlichen auf diese Veränderungen und diese Herausforderungen in geeigneter Weise vorzubereiten, bieten wir unseren Schülerinnen und Schülern eine zusätzliche Qualifikation an, das MeKoS-Zertifikat. Im Rahmen der Medienkompetenzschulung vermitteln wir wertvolle Schlüsselkompetenzen, die die Jugendlichen auf die digitale Welt von morgen vorbereiten. </p>



<div style="height:30px" aria-hidden="true" class="wp-block-spacer"></div>



<h3>1. Einblicke</h3>



<figure class="wp-block-video"><video controls src="https://bos-scheyern.de/bo/wp-content/uploads/2023/06/MeKoS-Videoclip-Homepage.mp4"></video></figure>



<div style="height:30px" aria-hidden="true" class="wp-block-spacer"></div>



<h3>2. Zentrale Inhalte des Zertifikats </h3>



<h5>     a) 11. Jahrgangsstufe</h5>



<div style="height:30px" aria-hidden="true" class="wp-block-spacer"></div>



<div class="wp-block-buttons is-content-justification-center">
<div class="wp-block-button has-custom-font-size is-style-outline has-small-font-size"><a class="wp-block-button__link has-black-color has-white-background-color has-text-color has-background no-border-radius">Digital Wellbeing</a></div>



<div class="wp-block-button has-custom-font-size is-style-outline has-small-font-size"><a class="wp-block-button__link no-border-radius">Algorithmen und ich </a></div>



<div class="wp-block-button has-custom-font-size is-style-outline has-small-font-size"><a class="wp-block-button__link no-border-radius">KI: Grundlagen</a></div>



<div class="wp-block-button has-custom-font-size is-style-outline has-small-font-size"><a class="wp-block-button__link no-border-radius">TikTok</a></div>



<div class="wp-block-button has-custom-font-size is-style-outline has-small-font-size"><a class="wp-block-button__link no-border-radius">Officeprogramme</a></div>
</div>



<div style="height:40px" aria-hidden="true" class="wp-block-spacer"></div>



<h5>     b) 12. Jahrgangsstufe</h5>



<div style="height:20px" aria-hidden="true" class="wp-block-spacer"></div>



<div class="wp-block-buttons is-content-justification-center">
<div class="wp-block-button has-custom-font-size is-style-outline has-small-font-size"><a class="wp-block-button__link has-black-color has-white-background-color has-text-color has-background no-border-radius">Literaturrecherche</a></div>



<div class="wp-block-button has-custom-font-size is-style-outline has-small-font-size"><a class="wp-block-button__link no-border-radius">Wissenschaftlichkeit von Quellen</a></div>



<div class="wp-block-button has-custom-font-size is-style-outline has-small-font-size"><a class="wp-block-button__link no-border-radius">Creative Commons</a></div>



<div class="wp-block-button has-custom-font-size is-style-outline has-small-font-size"><a class="wp-block-button__link no-border-radius">KI</a></div>



<div class="wp-block-button has-custom-font-size is-style-outline has-small-font-size"><a class="wp-block-button__link no-border-radius">KI und Ethik</a></div>
</div>



<div style="height:40px" aria-hidden="true" class="wp-block-spacer"></div>



<h5>c) 13. Jahrgangsstufe</h5>



<div style="height:20px" aria-hidden="true" class="wp-block-spacer"></div>



<div class="wp-block-buttons">
<div class="wp-block-button has-custom-width wp-block-button__width-100 has-custom-font-size is-style-outline has-small-font-size"><a class="wp-block-button__link no-border-radius">Wissenschaftliches Arbeiten und Künstliche Intelligenz</a></div>
</div>



<div style="height:20px" aria-hidden="true" class="wp-block-spacer"></div>



<h3>3. Ablauf der Zusatzqualifikation</h3>



<p>Die Module der MeKoS der FOSBOS Scheyern werden im Rahmen eines Selbstlernkurses der Lernplattform der ByCS von den Schülerinnen und Schülern selbstständig bearbeitet. Dabei ist es uns wichtig, unsere Lernenden dabei zu unterstützen, selbstgesteuert und eigenverantwortlich Inhalte zu erarbeiten. </p>



<div style="height:30px" aria-hidden="true" class="wp-block-spacer"></div>



<hr class="wp-block-separator is-style-default"/>



<div class="wp-block-media-text alignwide has-media-on-the-right is-stacked-on-mobile is-vertically-aligned-center" style="grid-template-columns:auto 26%"><figure class="wp-block-media-text__media"><img src="https://bos-scheyern.de/bo/wp-content/uploads/2023/06/isi-DIGITAL-2023-Preistra╠eger-Button-Berufliche-Schulen-3.png" alt="" class="wp-image-5442 size-full"/></figure><div class="wp-block-media-text__content">
<blockquote class="wp-block-quote has-text-align-center"><p>Ausgezeichnet mit dem bayerischen Schulinnovationspreis </p><p>isi DIGITAL 2023</p></blockquote>
</div></div>



<hr class="wp-block-separator is-style-default"/>

<p>Die Digitalisierung verändert die Bildungs-, Lebens- und Arbeitswelt rasant. Um die Jugendlichen auf diese Veränderungen und diese Herausforderungen in geeigneter Weise vorzubereiten, bieten wir unseren Schülerinnen und Schülern eine zusätzliche <a class="more-link" href="https://bos-scheyern.de/bo/?page_id=5440">weiterlesen<span class="screen-reader-text">MeKoS &#8211; Mit der Medienkompetenzschulung ausgezeichnet vorbereitet auf die digitale Zukunft!</span><span class="meta-nav">→</span></a></p>
