{"id":6118,"date":"2024-09-08T22:12:13","date_gmt":"2024-09-08T20:12:13","guid":{"rendered":"https:\/\/bos-scheyern.de\/bo\/?page_id=6118"},"modified":"2024-09-08T22:13:53","modified_gmt":"2024-09-08T20:13:53","slug":"mottos-der-vergangenen-schuljahre","status":"publish","type":"page","link":"https:\/\/bos-scheyern.de\/bo\/?page_id=6118","title":{"rendered":"Mottos der vergangenen Schuljahre"},"content":{"rendered":"\n<figure class=\"wp-block-gallery columns-3 is-cropped\"><ul class=\"blocks-gallery-grid\"><li class=\"blocks-gallery-item\"><figure><img loading=\"lazy\" width=\"1024\" height=\"768\" src=\"https:\/\/bos-scheyern.de\/bo\/wp-content\/uploads\/2024\/09\/20221208_215248-1024x768.jpg\" alt=\"\" data-id=\"6117\" data-full-url=\"https:\/\/bos-scheyern.de\/bo\/wp-content\/uploads\/2024\/09\/20221208_215248-scaled.jpg\" data-link=\"https:\/\/bos-scheyern.de\/bo\/?attachment_id=6117\" class=\"wp-image-6117\" srcset=\"https:\/\/bos-scheyern.de\/bo\/wp-content\/uploads\/2024\/09\/20221208_215248-1024x768.jpg 1024w, https:\/\/bos-scheyern.de\/bo\/wp-content\/uploads\/2024\/09\/20221208_215248-300x225.jpg 300w, https:\/\/bos-scheyern.de\/bo\/wp-content\/uploads\/2024\/09\/20221208_215248-200x150.jpg 200w, https:\/\/bos-scheyern.de\/bo\/wp-content\/uploads\/2024\/09\/20221208_215248-768x576.jpg 768w, https:\/\/bos-scheyern.de\/bo\/wp-content\/uploads\/2024\/09\/20221208_215248-1536x1152.jpg 1536w, https:\/\/bos-scheyern.de\/bo\/wp-content\/uploads\/2024\/09\/20221208_215248-2048x1536.jpg 2048w\" sizes=\"(max-width: 1024px) 100vw, 1024px\" \/><figcaption class=\"blocks-gallery-item__caption\">&#8222;Scheyern ist bunt&#8220;<\/figcaption><\/figure><\/li><li class=\"blocks-gallery-item\"><figure><img loading=\"lazy\" width=\"1024\" height=\"475\" src=\"https:\/\/bos-scheyern.de\/bo\/wp-content\/uploads\/2024\/09\/Straeusschen-2-1024x475.jpg\" alt=\"\" data-id=\"6119\" data-full-url=\"https:\/\/bos-scheyern.de\/bo\/wp-content\/uploads\/2024\/09\/Straeusschen-2-scaled.jpg\" data-link=\"https:\/\/bos-scheyern.de\/bo\/?attachment_id=6119\" class=\"wp-image-6119\" srcset=\"https:\/\/bos-scheyern.de\/bo\/wp-content\/uploads\/2024\/09\/Straeusschen-2-1024x475.jpg 1024w, https:\/\/bos-scheyern.de\/bo\/wp-content\/uploads\/2024\/09\/Straeusschen-2-300x139.jpg 300w, https:\/\/bos-scheyern.de\/bo\/wp-content\/uploads\/2024\/09\/Straeusschen-2-768x357.jpg 768w, https:\/\/bos-scheyern.de\/bo\/wp-content\/uploads\/2024\/09\/Straeusschen-2-1536x713.jpg 1536w, https:\/\/bos-scheyern.de\/bo\/wp-content\/uploads\/2024\/09\/Straeusschen-2-2048x951.jpg 2048w\" sizes=\"(max-width: 1024px) 100vw, 1024px\" \/><figcaption class=\"blocks-gallery-item__caption\">&#8222;Scheyern zeigt Courage&#8220;<\/figcaption><\/figure><\/li><li class=\"blocks-gallery-item\"><figure><img loading=\"lazy\" width=\"829\" height=\"772\" src=\"https:\/\/bos-scheyern.de\/bo\/wp-content\/uploads\/2024\/09\/Bild19-e1725826175581.jpg\" alt=\"\" data-id=\"6120\" data-full-url=\"https:\/\/bos-scheyern.de\/bo\/wp-content\/uploads\/2024\/09\/Bild19-e1725826175581.jpg\" data-link=\"https:\/\/bos-scheyern.de\/bo\/?attachment_id=6120\" class=\"wp-image-6120\" srcset=\"https:\/\/bos-scheyern.de\/bo\/wp-content\/uploads\/2024\/09\/Bild19-e1725826175581.jpg 829w, https:\/\/bos-scheyern.de\/bo\/wp-content\/uploads\/2024\/09\/Bild19-e1725826175581-300x279.jpg 300w, https:\/\/bos-scheyern.de\/bo\/wp-content\/uploads\/2024\/09\/Bild19-e1725826175581-768x715.jpg 768w\" sizes=\"(max-width: 829px) 100vw, 829px\" \/><figcaption class=\"blocks-gallery-item__caption\">&#8222;Wir feiern Menschenrechte&#8220;<\/figcaption><\/figure><\/li><\/ul><\/figure>\n\n\n\n<div style=\"height:20px\" aria-hidden=\"true\" class=\"wp-block-spacer\"><\/div>\n\n\n\n<p>Im Schuljahr 2021\/22 haben wir entsprechend dem Motto \u201eScheyern ist bunt\u201c mit unserer Weihnachtsaktion \u201eBunte Lichter gegen braune Schatten\u201c ein klares Zeichen gegen jede Form von \u201ebraunen Schatten\u201c bzw. gegen Ausgrenzung, Diskriminierung, Rassismus und (Rechts-) Extremismus gesetzt.<\/p>\n\n\n\n<p>Im folgenden Schuljahr 2022\/23 standen die Aktionen aufgrund des russischen Angriffskrieges auf die Ukraine unter dem Motto \u201eScheyern zeigt Courage\u201c. Die Schule beteiligte sich an verschiedenen Spendenaktionen, um so ihre Solidarit\u00e4t zu zeigen.<\/p>\n\n\n\n<p>Da die Allgemeine Erkl\u00e4rung der Menschenrechte am 10. Dezember 2023 ihr 75j\u00e4hriges Jubil\u00e4um feierte, stand die Arbeit der AG im Schuljahr 2023\/24 unter dem Motto \u201eWir feiern Menschenrechte\u201c. Die Sch\u00fclerinnen und Sch\u00fcler setzten sich mit den im Grundgesetz, in der Allgemeinen Erkl\u00e4rung der Menschenrechte und in den Genfer Konventionen verankerten Menschenrechten auseinander und gestalteten \u201eMenschenrechtsb\u00e4ume\u201c.<\/p>\n","protected":false},"excerpt":{"rendered":"<p>Im Schuljahr 2021\/22 haben wir entsprechend dem Motto \u201eScheyern ist bunt\u201c mit unserer Weihnachtsaktion \u201eBunte Lichter gegen braune Schatten\u201c ein klares Zeichen gegen jede Form von \u201ebraunen Schatten\u201c bzw. gegen <a class=\"more-link\" href=\"https:\/\/bos-scheyern.de\/bo\/?page_id=6118\">weiterlesen<span class=\"screen-reader-text\">Mottos der vergangenen Schuljahre<\/span><span class=\"meta-nav\">\u2192<\/span><\/a><\/p>\n","protected":false},"author":14,"featured_media":0,"parent":0,"menu_order":9,"comment_status":"closed","ping_status":"closed","template":"","meta":[],"_links":{"self":[{"href":"https:\/\/bos-scheyern.de\/bo\/index.php?rest_route=\/wp\/v2\/pages\/6118"}],"collection":[{"href":"https:\/\/bos-scheyern.de\/bo\/index.php?rest_route=\/wp\/v2\/pages"}],"about":[{"href":"https:\/\/bos-scheyern.de\/bo\/index.php?rest_route=\/wp\/v2\/types\/page"}],"author":[{"embeddable":true,"href":"https:\/\/bos-scheyern.de\/bo\/index.php?rest_route=\/wp\/v2\/users\/14"}],"replies":[{"embeddable":true,"href":"https:\/\/bos-scheyern.de\/bo\/index.php?rest_route=%2Fwp%2Fv2%2Fcomments&post=6118"}],"version-history":[{"count":2,"href":"https:\/\/bos-scheyern.de\/bo\/index.php?rest_route=\/wp\/v2\/pages\/6118\/revisions"}],"predecessor-version":[{"id":6123,"href":"https:\/\/bos-scheyern.de\/bo\/index.php?rest_route=\/wp\/v2\/pages\/6118\/revisions\/6123"}],"wp:attachment":[{"href":"https:\/\/bos-scheyern.de\/bo\/index.php?rest_route=%2Fwp%2Fv2%2Fmedia&parent=6118"}],"curies":[{"name":"wp","href":"https:\/\/api.w.org\/{rel}","templated":true}]}}

<figure class="wp-block-gallery columns-3 is-cropped"><ul class="blocks-gallery-grid"><li class="blocks-gallery-item"><figure><img loading="lazy" width="1024" height="768" src="https://bos-scheyern.de/bo/wp-content/uploads/2024/09/20221208_215248-1024x768.jpg" alt="" data-id="6117" data-full-url="https://bos-scheyern.de/bo/wp-content/uploads/2024/09/20221208_215248-scaled.jpg" data-link="https://bos-scheyern.de/bo/?attachment_id=6117" class="wp-image-6117" srcset="https://bos-scheyern.de/bo/wp-content/uploads/2024/09/20221208_215248-1024x768.jpg 1024w, https://bos-scheyern.de/bo/wp-content/uploads/2024/09/20221208_215248-300x225.jpg 300w, https://bos-scheyern.de/bo/wp-content/uploads/2024/09/20221208_215248-200x150.jpg 200w, https://bos-scheyern.de/bo/wp-content/uploads/2024/09/20221208_215248-768x576.jpg 768w, https://bos-scheyern.de/bo/wp-content/uploads/2024/09/20221208_215248-1536x1152.jpg 1536w, https://bos-scheyern.de/bo/wp-content/uploads/2024/09/20221208_215248-2048x1536.jpg 2048w" sizes="(max-width: 1024px) 100vw, 1024px" /><figcaption class="blocks-gallery-item__caption">&#8222;Scheyern ist bunt&#8220;</figcaption></figure></li><li class="blocks-gallery-item"><figure><img loading="lazy" width="1024" height="475" src="https://bos-scheyern.de/bo/wp-content/uploads/2024/09/Straeusschen-2-1024x475.jpg" alt="" data-id="6119" data-full-url="https://bos-scheyern.de/bo/wp-content/uploads/2024/09/Straeusschen-2-scaled.jpg" data-link="https://bos-scheyern.de/bo/?attachment_id=6119" class="wp-image-6119" srcset="https://bos-scheyern.de/bo/wp-content/uploads/2024/09/Straeusschen-2-1024x475.jpg 1024w, https://bos-scheyern.de/bo/wp-content/uploads/2024/09/Straeusschen-2-300x139.jpg 300w, https://bos-scheyern.de/bo/wp-content/uploads/2024/09/Straeusschen-2-768x357.jpg 768w, https://bos-scheyern.de/bo/wp-content/uploads/2024/09/Straeusschen-2-1536x713.jpg 1536w, https://bos-scheyern.de/bo/wp-content/uploads/2024/09/Straeusschen-2-2048x951.jpg 2048w" sizes="(max-width: 1024px) 100vw, 1024px" /><figcaption class="blocks-gallery-item__caption">&#8222;Scheyern zeigt Courage&#8220;</figcaption></figure></li><li class="blocks-gallery-item"><figure><img loading="lazy" width="829" height="772" src="https://bos-scheyern.de/bo/wp-content/uploads/2024/09/Bild19-e1725826175581.jpg" alt="" data-id="6120" data-full-url="https://bos-scheyern.de/bo/wp-content/uploads/2024/09/Bild19-e1725826175581.jpg" data-link="https://bos-scheyern.de/bo/?attachment_id=6120" class="wp-image-6120" srcset="https://bos-scheyern.de/bo/wp-content/uploads/2024/09/Bild19-e1725826175581.jpg 829w, https://bos-scheyern.de/bo/wp-content/uploads/2024/09/Bild19-e1725826175581-300x279.jpg 300w, https://bos-scheyern.de/bo/wp-content/uploads/2024/09/Bild19-e1725826175581-768x715.jpg 768w" sizes="(max-width: 829px) 100vw, 829px" /><figcaption class="blocks-gallery-item__caption">&#8222;Wir feiern Menschenrechte&#8220;</figcaption></figure></li></ul></figure>



<div style="height:20px" aria-hidden="true" class="wp-block-spacer"></div>



<p>Im Schuljahr 2021/22 haben wir entsprechend dem Motto „Scheyern ist bunt“ mit unserer Weihnachtsaktion „Bunte Lichter gegen braune Schatten“ ein klares Zeichen gegen jede Form von „braunen Schatten“ bzw. gegen Ausgrenzung, Diskriminierung, Rassismus und (Rechts-) Extremismus gesetzt.</p>



<p>Im folgenden Schuljahr 2022/23 standen die Aktionen aufgrund des russischen Angriffskrieges auf die Ukraine unter dem Motto „Scheyern zeigt Courage“. Die Schule beteiligte sich an verschiedenen Spendenaktionen, um so ihre Solidarität zu zeigen.</p>



<p>Da die Allgemeine Erklärung der Menschenrechte am 10. Dezember 2023 ihr 75jähriges Jubiläum feierte, stand die Arbeit der AG im Schuljahr 2023/24 unter dem Motto „Wir feiern Menschenrechte“. Die Schülerinnen und Schüler setzten sich mit den im Grundgesetz, in der Allgemeinen Erklärung der Menschenrechte und in den Genfer Konventionen verankerten Menschenrechten auseinander und gestalteten „Menschenrechtsbäume“.</p>
