{"id":6125,"date":"2024-09-08T22:23:23","date_gmt":"2024-09-08T20:23:23","guid":{"rendered":"https:\/\/bos-scheyern.de\/bo\/?page_id=6125"},"modified":"2024-09-08T22:23:24","modified_gmt":"2024-09-08T20:23:24","slug":"beteiligung-an-den-wochen-gegen-rassismus","status":"publish","type":"page","link":"https:\/\/bos-scheyern.de\/bo\/?page_id=6125","title":{"rendered":"Beteiligung an den &#8222;Wochen gegen Rassismus&#8220;"},"content":{"rendered":"\n<figure class=\"wp-block-gallery columns-1 is-cropped\"><ul class=\"blocks-gallery-grid\"><li class=\"blocks-gallery-item\"><figure><img loading=\"lazy\" width=\"792\" height=\"592\" src=\"https:\/\/bos-scheyern.de\/bo\/wp-content\/uploads\/2024\/09\/bearbeitet10.png\" alt=\"\" data-id=\"6124\" data-full-url=\"https:\/\/bos-scheyern.de\/bo\/wp-content\/uploads\/2024\/09\/bearbeitet10.png\" data-link=\"https:\/\/bos-scheyern.de\/bo\/?attachment_id=6124\" class=\"wp-image-6124\" srcset=\"https:\/\/bos-scheyern.de\/bo\/wp-content\/uploads\/2024\/09\/bearbeitet10.png 792w, https:\/\/bos-scheyern.de\/bo\/wp-content\/uploads\/2024\/09\/bearbeitet10-300x224.png 300w, https:\/\/bos-scheyern.de\/bo\/wp-content\/uploads\/2024\/09\/bearbeitet10-200x150.png 200w, https:\/\/bos-scheyern.de\/bo\/wp-content\/uploads\/2024\/09\/bearbeitet10-768x574.png 768w\" sizes=\"(max-width: 792px) 100vw, 792px\" \/><figcaption class=\"blocks-gallery-item__caption\">Eindr\u00fccke vom Workshop<\/figcaption><\/figure><\/li><\/ul><\/figure>\n\n\n\n<div style=\"height:20px\" aria-hidden=\"true\" class=\"wp-block-spacer\"><\/div>\n\n\n\n<p>Seit 2023 beteiligt sich unsere Schule an den allj\u00e4hrlichen \u201eWochen gegen Rassismus\u201c der Stadt Pfaffenhofen. So fand im Schuljahr 2022\/23 im entsprechenden Zeitraum im M\u00e4rz ein Workshop zu den Themen \u201eDemokratie und Alltagsrassismus\u201c mit der Referentin Frau Mathilda Legitimus-Schleicher statt und im Schuljahr 2023\/24 konnten sowohl ein Online-Workshop zum Thema \u201eMenschenrechte und Menschenrechtsverletzungen\u201c von Amnesty International als auch ein Workshop von der Menschenrechtsorganisation pbi (peace bridges international) zu der Arbeit von Menschenrechtsverteidigerinnen und Menschenrechtsverteidigern mit der Referentin Frau Juliane Nikolai angeboten werden.<\/p>\n\n\n\n<p>Des Weiteren waren die im Rahmen der \u201eAdventsimpulse\u201c gestalteten \u201eMenschenrechtsb\u00e4ume\u201c w\u00e4hrend der beiden \u201eWochen gegen Rassismus\u201c im M\u00e4rz 2024 im Landratsamt Pfaffenhofen zu sehen. Besonders erfreulich war, dass die bereits seit einigen Jahren bestehende Schulkooperation zwischen der FOSBOS Scheyern und der Georg-Hipp-Realschule nun auch auf die Zusammenarbeit im Bereich \u201eSchule ohne Rassismus \/ Schule mit Courage\u201c ausgeweitet werden konnte und somit auch die Realschule einige Plakate zum Thema \u201eMenschenrechte\u201c im Landratsamt pr\u00e4sentierte.<\/p>\n\n\n\n<p>Gro\u00dfe Unterst\u00fctzung erf\u00e4hrt unsere Arbeitsgemeinschaft bei diesen Aktionen und Projekten von der Integrationsbeauftragen des Landkreises Pfaffenhofen, Frau Nevilla Saja-Seefried.<\/p>\n","protected":false},"excerpt":{"rendered":"<p>Seit 2023 beteiligt sich unsere Schule an den allj\u00e4hrlichen \u201eWochen gegen Rassismus\u201c der Stadt Pfaffenhofen. So fand im Schuljahr 2022\/23 im entsprechenden Zeitraum im M\u00e4rz ein Workshop zu den Themen <a class=\"more-link\" href=\"https:\/\/bos-scheyern.de\/bo\/?page_id=6125\">weiterlesen<span class=\"screen-reader-text\">Beteiligung an den &#8222;Wochen gegen Rassismus&#8220;<\/span><span class=\"meta-nav\">\u2192<\/span><\/a><\/p>\n","protected":false},"author":14,"featured_media":0,"parent":0,"menu_order":8,"comment_status":"closed","ping_status":"closed","template":"","meta":[],"_links":{"self":[{"href":"https:\/\/bos-scheyern.de\/bo\/index.php?rest_route=\/wp\/v2\/pages\/6125"}],"collection":[{"href":"https:\/\/bos-scheyern.de\/bo\/index.php?rest_route=\/wp\/v2\/pages"}],"about":[{"href":"https:\/\/bos-scheyern.de\/bo\/index.php?rest_route=\/wp\/v2\/types\/page"}],"author":[{"embeddable":true,"href":"https:\/\/bos-scheyern.de\/bo\/index.php?rest_route=\/wp\/v2\/users\/14"}],"replies":[{"embeddable":true,"href":"https:\/\/bos-scheyern.de\/bo\/index.php?rest_route=%2Fwp%2Fv2%2Fcomments&post=6125"}],"version-history":[{"count":1,"href":"https:\/\/bos-scheyern.de\/bo\/index.php?rest_route=\/wp\/v2\/pages\/6125\/revisions"}],"predecessor-version":[{"id":6127,"href":"https:\/\/bos-scheyern.de\/bo\/index.php?rest_route=\/wp\/v2\/pages\/6125\/revisions\/6127"}],"wp:attachment":[{"href":"https:\/\/bos-scheyern.de\/bo\/index.php?rest_route=%2Fwp%2Fv2%2Fmedia&parent=6125"}],"curies":[{"name":"wp","href":"https:\/\/api.w.org\/{rel}","templated":true}]}}

<figure class="wp-block-gallery columns-1 is-cropped"><ul class="blocks-gallery-grid"><li class="blocks-gallery-item"><figure><img loading="lazy" width="792" height="592" src="https://bos-scheyern.de/bo/wp-content/uploads/2024/09/bearbeitet10.png" alt="" data-id="6124" data-full-url="https://bos-scheyern.de/bo/wp-content/uploads/2024/09/bearbeitet10.png" data-link="https://bos-scheyern.de/bo/?attachment_id=6124" class="wp-image-6124" srcset="https://bos-scheyern.de/bo/wp-content/uploads/2024/09/bearbeitet10.png 792w, https://bos-scheyern.de/bo/wp-content/uploads/2024/09/bearbeitet10-300x224.png 300w, https://bos-scheyern.de/bo/wp-content/uploads/2024/09/bearbeitet10-200x150.png 200w, https://bos-scheyern.de/bo/wp-content/uploads/2024/09/bearbeitet10-768x574.png 768w" sizes="(max-width: 792px) 100vw, 792px" /><figcaption class="blocks-gallery-item__caption">Eindrücke vom Workshop</figcaption></figure></li></ul></figure>



<div style="height:20px" aria-hidden="true" class="wp-block-spacer"></div>



<p>Seit 2023 beteiligt sich unsere Schule an den alljährlichen „Wochen gegen Rassismus“ der Stadt Pfaffenhofen. So fand im Schuljahr 2022/23 im entsprechenden Zeitraum im März ein Workshop zu den Themen „Demokratie und Alltagsrassismus“ mit der Referentin Frau Mathilda Legitimus-Schleicher statt und im Schuljahr 2023/24 konnten sowohl ein Online-Workshop zum Thema „Menschenrechte und Menschenrechtsverletzungen“ von Amnesty International als auch ein Workshop von der Menschenrechtsorganisation pbi (peace bridges international) zu der Arbeit von Menschenrechtsverteidigerinnen und Menschenrechtsverteidigern mit der Referentin Frau Juliane Nikolai angeboten werden.</p>



<p>Des Weiteren waren die im Rahmen der „Adventsimpulse“ gestalteten „Menschenrechtsbäume“ während der beiden „Wochen gegen Rassismus“ im März 2024 im Landratsamt Pfaffenhofen zu sehen. Besonders erfreulich war, dass die bereits seit einigen Jahren bestehende Schulkooperation zwischen der FOSBOS Scheyern und der Georg-Hipp-Realschule nun auch auf die Zusammenarbeit im Bereich „Schule ohne Rassismus / Schule mit Courage“ ausgeweitet werden konnte und somit auch die Realschule einige Plakate zum Thema „Menschenrechte“ im Landratsamt präsentierte.</p>



<p>Große Unterstützung erfährt unsere Arbeitsgemeinschaft bei diesen Aktionen und Projekten von der Integrationsbeauftragen des Landkreises Pfaffenhofen, Frau Nevilla Saja-Seefried.</p>

<p>Seit 2023 beteiligt sich unsere Schule an den alljährlichen „Wochen gegen Rassismus“ der Stadt Pfaffenhofen. So fand im Schuljahr 2022/23 im entsprechenden Zeitraum im März ein Workshop zu den Themen <a class="more-link" href="https://bos-scheyern.de/bo/?page_id=6125">weiterlesen<span class="screen-reader-text">Beteiligung an den &#8222;Wochen gegen Rassismus&#8220;</span><span class="meta-nav">→</span></a></p>
