{"id":6129,"date":"2024-09-08T22:39:50","date_gmt":"2024-09-08T20:39:50","guid":{"rendered":"https:\/\/bos-scheyern.de\/bo\/?page_id=6129"},"modified":"2024-09-08T22:39:51","modified_gmt":"2024-09-08T20:39:51","slug":"unterstuetzung-durch-die-kabarettgruppe-die-stachelbaeren","status":"publish","type":"page","link":"https:\/\/bos-scheyern.de\/bo\/?page_id=6129","title":{"rendered":"Unterst\u00fctzung durch die Kabarettgruppe &#8222;Die Stachelb\u00e4ren&#8220;"},"content":{"rendered":"\n<figure class=\"wp-block-image size-full is-style-default\"><img loading=\"lazy\" width=\"999\" height=\"562\" src=\"https:\/\/bos-scheyern.de\/bo\/wp-content\/uploads\/2023\/03\/Stachelbaeren-scaled-e1678201308165.jpg\" alt=\"\" class=\"wp-image-5324\"\/><figcaption>Eindr\u00fccke vom Auftritt der Gruppe &#8222;Die Stachelb\u00e4ren&#8220;<\/figcaption><\/figure>\n\n\n\n<div style=\"height:20px\" aria-hidden=\"true\" class=\"wp-block-spacer\"><\/div>\n\n\n\n<p>Die seit mehr als 40 Jahren bestehende lokale Kabarettgruppe <a href=\"https:\/\/kabarett-stachelbaer.de\" data-type=\"URL\" data-id=\"https:\/\/kabarett-stachelbaer.de\" target=\"_blank\" rel=\"noreferrer noopener\">\u201eDie Stachelb\u00e4ren\u201c<\/a>, die durch ihre zahlreichen Auftritte auch \u00fcber die Landkreisgrenzen hinaus bekannt ist, hat mit dem Beginn der Teilhabe der FOSBOS Scheyern in dem Schulnetzwerk \u201eSchule ohne Rassismus \u2013 Schule mit Courage\u201c die Patenschaft \u00fcbernommen, um uns bei unserem Engagement f\u00fcr ein tolerantes und respektvolles Miteinander zu unterst\u00fctzen. Im Schuljahr 2022\/23 konnte in diesem Rahmen auch ein Auftritt der Gruppe im Wittelsbacher Saal des Kloster Scheyerns f\u00fcr die Sch\u00fcler der 12. und 13. Klassen der FOSBOS realisiert werden, bei dem auf ironisch-humorvolle Art verschiedene Vorurteile und Stereotypen des Alltags aufgearbeitet wurden. <\/p>\n","protected":false},"excerpt":{"rendered":"<p>Die seit mehr als 40 Jahren bestehende lokale Kabarettgruppe \u201eDie Stachelb\u00e4ren\u201c, die durch ihre zahlreichen Auftritte auch \u00fcber die Landkreisgrenzen hinaus bekannt ist, hat mit dem Beginn der Teilhabe der <a class=\"more-link\" href=\"https:\/\/bos-scheyern.de\/bo\/?page_id=6129\">weiterlesen<span class=\"screen-reader-text\">Unterst\u00fctzung durch die Kabarettgruppe &#8222;Die Stachelb\u00e4ren&#8220;<\/span><span class=\"meta-nav\">\u2192<\/span><\/a><\/p>\n","protected":false},"author":14,"featured_media":0,"parent":0,"menu_order":7,"comment_status":"closed","ping_status":"closed","template":"","meta":[],"_links":{"self":[{"href":"https:\/\/bos-scheyern.de\/bo\/index.php?rest_route=\/wp\/v2\/pages\/6129"}],"collection":[{"href":"https:\/\/bos-scheyern.de\/bo\/index.php?rest_route=\/wp\/v2\/pages"}],"about":[{"href":"https:\/\/bos-scheyern.de\/bo\/index.php?rest_route=\/wp\/v2\/types\/page"}],"author":[{"embeddable":true,"href":"https:\/\/bos-scheyern.de\/bo\/index.php?rest_route=\/wp\/v2\/users\/14"}],"replies":[{"embeddable":true,"href":"https:\/\/bos-scheyern.de\/bo\/index.php?rest_route=%2Fwp%2Fv2%2Fcomments&post=6129"}],"version-history":[{"count":1,"href":"https:\/\/bos-scheyern.de\/bo\/index.php?rest_route=\/wp\/v2\/pages\/6129\/revisions"}],"predecessor-version":[{"id":6130,"href":"https:\/\/bos-scheyern.de\/bo\/index.php?rest_route=\/wp\/v2\/pages\/6129\/revisions\/6130"}],"wp:attachment":[{"href":"https:\/\/bos-scheyern.de\/bo\/index.php?rest_route=%2Fwp%2Fv2%2Fmedia&parent=6129"}],"curies":[{"name":"wp","href":"https:\/\/api.w.org\/{rel}","templated":true}]}}

Unterstützung durch die Kabarettgruppe &#8222;Die Stachelbären&#8220;

<figure class="wp-block-image size-full is-style-default"><img loading="lazy" width="999" height="562" src="https://bos-scheyern.de/bo/wp-content/uploads/2023/03/Stachelbaeren-scaled-e1678201308165.jpg" alt="" class="wp-image-5324"/><figcaption>Eindrücke vom Auftritt der Gruppe &#8222;Die Stachelbären&#8220;</figcaption></figure>



<div style="height:20px" aria-hidden="true" class="wp-block-spacer"></div>



<p>Die seit mehr als 40 Jahren bestehende lokale Kabarettgruppe <a href="https://kabarett-stachelbaer.de" data-type="URL" data-id="https://kabarett-stachelbaer.de" target="_blank" rel="noreferrer noopener">„Die Stachelbären“</a>, die durch ihre zahlreichen Auftritte auch über die Landkreisgrenzen hinaus bekannt ist, hat mit dem Beginn der Teilhabe der FOSBOS Scheyern in dem Schulnetzwerk „Schule ohne Rassismus – Schule mit Courage“ die Patenschaft übernommen, um uns bei unserem Engagement für ein tolerantes und respektvolles Miteinander zu unterstützen. Im Schuljahr 2022/23 konnte in diesem Rahmen auch ein Auftritt der Gruppe im Wittelsbacher Saal des Kloster Scheyerns für die Schüler der 12. und 13. Klassen der FOSBOS realisiert werden, bei dem auf ironisch-humorvolle Art verschiedene Vorurteile und Stereotypen des Alltags aufgearbeitet wurden. </p>

<p>Die seit mehr als 40 Jahren bestehende lokale Kabarettgruppe „Die Stachelbären“, die durch ihre zahlreichen Auftritte auch über die Landkreisgrenzen hinaus bekannt ist, hat mit dem Beginn der Teilhabe der <a class="more-link" href="https://bos-scheyern.de/bo/?page_id=6129">weiterlesen<span class="screen-reader-text">Unterstützung durch die Kabarettgruppe &#8222;Die Stachelbären&#8220;</span><span class="meta-nav">→</span></a></p>
