{"id":6131,"date":"2024-09-08T22:47:34","date_gmt":"2024-09-08T20:47:34","guid":{"rendered":"https:\/\/bos-scheyern.de\/bo\/?page_id=6131"},"modified":"2024-09-08T22:47:35","modified_gmt":"2024-09-08T20:47:35","slug":"adventsimpulse","status":"publish","type":"page","link":"https:\/\/bos-scheyern.de\/bo\/?page_id=6131","title":{"rendered":"Adventsimpulse"},"content":{"rendered":"\n<figure class=\"wp-block-image size-large is-resized is-style-default\"><img loading=\"lazy\" src=\"https:\/\/bos-scheyern.de\/bo\/wp-content\/uploads\/2024\/09\/20231216_140318-768x1024.jpg\" alt=\"\" class=\"wp-image-6104\" width=\"384\" height=\"512\"\/><\/figure>\n\n\n\n<div style=\"height:20px\" aria-hidden=\"true\" class=\"wp-block-spacer\"><\/div>\n\n\n\n<p>Um mit den Sch\u00fclerinnen und Sch\u00fclern aktiv ins Gespr\u00e4ch zu kommen, haben die vier \u201eAdventsimpulse\u201c in der Vorweihnachtszeit eine besondere Bedeutung f\u00fcr uns. Dabei handelt es sich um spezielle wertorientierte Stundenimpulse, die von der Fachschaft Politik &amp; Gesellschaft in allen Klassen durchgef\u00fchrt werden k\u00f6nnen und die thematisch zu unserem \u00fcbergeordneten Jahresmotto passen.<\/p>\n\n\n\n<p>So besch\u00e4ftigten sich die \u201eAdventsimpulse\u201c in den letzten Jahren beispielsweise mit Frauenrechten, Kinderrechten, der Bewegung \u201eBlack Lives Matter\u201c, Gedichten \u00fcber Fluchterfahrungen, Vorurteilen und Stereotypen, Meinungs- und Pressefreiheit sowie Menschenrechten und Menschenrechtsverletzungen.<\/p>\n","protected":false},"excerpt":{"rendered":"<p>Um mit den Sch\u00fclerinnen und Sch\u00fclern aktiv ins Gespr\u00e4ch zu kommen, haben die vier \u201eAdventsimpulse\u201c in der Vorweihnachtszeit eine besondere Bedeutung f\u00fcr uns. Dabei handelt es sich um spezielle wertorientierte <a class=\"more-link\" href=\"https:\/\/bos-scheyern.de\/bo\/?page_id=6131\">weiterlesen<span class=\"screen-reader-text\">Adventsimpulse<\/span><span class=\"meta-nav\">\u2192<\/span><\/a><\/p>\n","protected":false},"author":14,"featured_media":0,"parent":0,"menu_order":6,"comment_status":"closed","ping_status":"closed","template":"","meta":[],"_links":{"self":[{"href":"https:\/\/bos-scheyern.de\/bo\/index.php?rest_route=\/wp\/v2\/pages\/6131"}],"collection":[{"href":"https:\/\/bos-scheyern.de\/bo\/index.php?rest_route=\/wp\/v2\/pages"}],"about":[{"href":"https:\/\/bos-scheyern.de\/bo\/index.php?rest_route=\/wp\/v2\/types\/page"}],"author":[{"embeddable":true,"href":"https:\/\/bos-scheyern.de\/bo\/index.php?rest_route=\/wp\/v2\/users\/14"}],"replies":[{"embeddable":true,"href":"https:\/\/bos-scheyern.de\/bo\/index.php?rest_route=%2Fwp%2Fv2%2Fcomments&post=6131"}],"version-history":[{"count":1,"href":"https:\/\/bos-scheyern.de\/bo\/index.php?rest_route=\/wp\/v2\/pages\/6131\/revisions"}],"predecessor-version":[{"id":6132,"href":"https:\/\/bos-scheyern.de\/bo\/index.php?rest_route=\/wp\/v2\/pages\/6131\/revisions\/6132"}],"wp:attachment":[{"href":"https:\/\/bos-scheyern.de\/bo\/index.php?rest_route=%2Fwp%2Fv2%2Fmedia&parent=6131"}],"curies":[{"name":"wp","href":"https:\/\/api.w.org\/{rel}","templated":true}]}}

<figure class="wp-block-image size-large is-resized is-style-default"><img loading="lazy" src="https://bos-scheyern.de/bo/wp-content/uploads/2024/09/20231216_140318-768x1024.jpg" alt="" class="wp-image-6104" width="384" height="512"/></figure>



<div style="height:20px" aria-hidden="true" class="wp-block-spacer"></div>



<p>Um mit den Schülerinnen und Schülern aktiv ins Gespräch zu kommen, haben die vier „Adventsimpulse“ in der Vorweihnachtszeit eine besondere Bedeutung für uns. Dabei handelt es sich um spezielle wertorientierte Stundenimpulse, die von der Fachschaft Politik &amp; Gesellschaft in allen Klassen durchgeführt werden können und die thematisch zu unserem übergeordneten Jahresmotto passen.</p>



<p>So beschäftigten sich die „Adventsimpulse“ in den letzten Jahren beispielsweise mit Frauenrechten, Kinderrechten, der Bewegung „Black Lives Matter“, Gedichten über Fluchterfahrungen, Vorurteilen und Stereotypen, Meinungs- und Pressefreiheit sowie Menschenrechten und Menschenrechtsverletzungen.</p>

<p>Um mit den Schülerinnen und Schülern aktiv ins Gespräch zu kommen, haben die vier „Adventsimpulse“ in der Vorweihnachtszeit eine besondere Bedeutung für uns. Dabei handelt es sich um spezielle wertorientierte <a class="more-link" href="https://bos-scheyern.de/bo/?page_id=6131">weiterlesen<span class="screen-reader-text">Adventsimpulse</span><span class="meta-nav">→</span></a></p>
