{"id":6135,"date":"2024-09-08T22:54:28","date_gmt":"2024-09-08T20:54:28","guid":{"rendered":"https:\/\/bos-scheyern.de\/bo\/?page_id=6135"},"modified":"2024-09-08T22:54:29","modified_gmt":"2024-09-08T20:54:29","slug":"christkindlmarkt-der-smv","status":"publish","type":"page","link":"https:\/\/bos-scheyern.de\/bo\/?page_id=6135","title":{"rendered":"Christkindlmarkt der SMV"},"content":{"rendered":"\n<figure class=\"wp-block-image size-large is-style-default\"><img loading=\"lazy\" width=\"1024\" height=\"768\" src=\"https:\/\/bos-scheyern.de\/bo\/wp-content\/uploads\/2024\/09\/20231218_155328-1024x768.jpg\" alt=\"\" class=\"wp-image-6133\" srcset=\"https:\/\/bos-scheyern.de\/bo\/wp-content\/uploads\/2024\/09\/20231218_155328-1024x768.jpg 1024w, https:\/\/bos-scheyern.de\/bo\/wp-content\/uploads\/2024\/09\/20231218_155328-300x225.jpg 300w, https:\/\/bos-scheyern.de\/bo\/wp-content\/uploads\/2024\/09\/20231218_155328-200x150.jpg 200w, https:\/\/bos-scheyern.de\/bo\/wp-content\/uploads\/2024\/09\/20231218_155328-768x576.jpg 768w, https:\/\/bos-scheyern.de\/bo\/wp-content\/uploads\/2024\/09\/20231218_155328-1536x1152.jpg 1536w, https:\/\/bos-scheyern.de\/bo\/wp-content\/uploads\/2024\/09\/20231218_155328-2048x1536.jpg 2048w\" sizes=\"(max-width: 1024px) 100vw, 1024px\" \/><\/figure>\n\n\n\n<div style=\"height:20px\" aria-hidden=\"true\" class=\"wp-block-spacer\"><\/div>\n\n\n\n<p>In winterlicher Atmosph\u00e4re findet im Dezember immer der schulinterne Christkindlmarkt der SMV statt. Die AG \u201eSchule ohne Rassismus \/ Schule mit Courage\u201c ist dort mit einem Verkaufsstand f\u00fcr Kinderpunsch vertreten. Der Erl\u00f6s kommt der SMV zugute und kann f\u00fcr SMV-Feiern oder f\u00fcr die Abiturfeier verwendet werden. Der Christkindlmarkt ist eine sch\u00f6ne Gelegenheit, den Schultag gemeinsam ausklingen zu lassen und miteinander ins Gespr\u00e4ch zu kommen.<\/p>\n","protected":false},"excerpt":{"rendered":"<p>In winterlicher Atmosph\u00e4re findet im Dezember immer der schulinterne Christkindlmarkt der SMV statt. Die AG \u201eSchule ohne Rassismus \/ Schule mit Courage\u201c ist dort mit einem Verkaufsstand f\u00fcr Kinderpunsch vertreten. <a class=\"more-link\" href=\"https:\/\/bos-scheyern.de\/bo\/?page_id=6135\">weiterlesen<span class=\"screen-reader-text\">Christkindlmarkt der SMV<\/span><span class=\"meta-nav\">\u2192<\/span><\/a><\/p>\n","protected":false},"author":14,"featured_media":0,"parent":0,"menu_order":5,"comment_status":"closed","ping_status":"closed","template":"","meta":[],"_links":{"self":[{"href":"https:\/\/bos-scheyern.de\/bo\/index.php?rest_route=\/wp\/v2\/pages\/6135"}],"collection":[{"href":"https:\/\/bos-scheyern.de\/bo\/index.php?rest_route=\/wp\/v2\/pages"}],"about":[{"href":"https:\/\/bos-scheyern.de\/bo\/index.php?rest_route=\/wp\/v2\/types\/page"}],"author":[{"embeddable":true,"href":"https:\/\/bos-scheyern.de\/bo\/index.php?rest_route=\/wp\/v2\/users\/14"}],"replies":[{"embeddable":true,"href":"https:\/\/bos-scheyern.de\/bo\/index.php?rest_route=%2Fwp%2Fv2%2Fcomments&post=6135"}],"version-history":[{"count":1,"href":"https:\/\/bos-scheyern.de\/bo\/index.php?rest_route=\/wp\/v2\/pages\/6135\/revisions"}],"predecessor-version":[{"id":6136,"href":"https:\/\/bos-scheyern.de\/bo\/index.php?rest_route=\/wp\/v2\/pages\/6135\/revisions\/6136"}],"wp:attachment":[{"href":"https:\/\/bos-scheyern.de\/bo\/index.php?rest_route=%2Fwp%2Fv2%2Fmedia&parent=6135"}],"curies":[{"name":"wp","href":"https:\/\/api.w.org\/{rel}","templated":true}]}}

<figure class="wp-block-image size-large is-style-default"><img loading="lazy" width="1024" height="768" src="https://bos-scheyern.de/bo/wp-content/uploads/2024/09/20231218_155328-1024x768.jpg" alt="" class="wp-image-6133" srcset="https://bos-scheyern.de/bo/wp-content/uploads/2024/09/20231218_155328-1024x768.jpg 1024w, https://bos-scheyern.de/bo/wp-content/uploads/2024/09/20231218_155328-300x225.jpg 300w, https://bos-scheyern.de/bo/wp-content/uploads/2024/09/20231218_155328-200x150.jpg 200w, https://bos-scheyern.de/bo/wp-content/uploads/2024/09/20231218_155328-768x576.jpg 768w, https://bos-scheyern.de/bo/wp-content/uploads/2024/09/20231218_155328-1536x1152.jpg 1536w, https://bos-scheyern.de/bo/wp-content/uploads/2024/09/20231218_155328-2048x1536.jpg 2048w" sizes="(max-width: 1024px) 100vw, 1024px" /></figure>



<div style="height:20px" aria-hidden="true" class="wp-block-spacer"></div>



<p>In winterlicher Atmosphäre findet im Dezember immer der schulinterne Christkindlmarkt der SMV statt. Die AG „Schule ohne Rassismus / Schule mit Courage“ ist dort mit einem Verkaufsstand für Kinderpunsch vertreten. Der Erlös kommt der SMV zugute und kann für SMV-Feiern oder für die Abiturfeier verwendet werden. Der Christkindlmarkt ist eine schöne Gelegenheit, den Schultag gemeinsam ausklingen zu lassen und miteinander ins Gespräch zu kommen.</p>

<p>In winterlicher Atmosphäre findet im Dezember immer der schulinterne Christkindlmarkt der SMV statt. Die AG „Schule ohne Rassismus / Schule mit Courage“ ist dort mit einem Verkaufsstand für Kinderpunsch vertreten. <a class="more-link" href="https://bos-scheyern.de/bo/?page_id=6135">weiterlesen<span class="screen-reader-text">Christkindlmarkt der SMV</span><span class="meta-nav">→</span></a></p>
