{"id":6141,"date":"2024-09-08T22:59:50","date_gmt":"2024-09-08T20:59:50","guid":{"rendered":"https:\/\/bos-scheyern.de\/bo\/?page_id=6141"},"modified":"2024-09-08T23:09:48","modified_gmt":"2024-09-08T21:09:48","slug":"aktion-zum-tag-des-gedenkens-an-die-opfer-des-nationalsozialismus","status":"publish","type":"page","link":"https:\/\/bos-scheyern.de\/bo\/?page_id=6141","title":{"rendered":"Aktion zum &#8222;Tag des Gedenkens an die Opfer des Nationalsozialismus&#8220;"},"content":{"rendered":"\n<figure class=\"wp-block-image size-large is-style-default\"><img loading=\"lazy\" width=\"1024\" height=\"768\" src=\"https:\/\/bos-scheyern.de\/bo\/wp-content\/uploads\/2024\/09\/20230130_130255-1024x768.jpg\" alt=\"\" class=\"wp-image-6138\" srcset=\"https:\/\/bos-scheyern.de\/bo\/wp-content\/uploads\/2024\/09\/20230130_130255-1024x768.jpg 1024w, https:\/\/bos-scheyern.de\/bo\/wp-content\/uploads\/2024\/09\/20230130_130255-300x225.jpg 300w, https:\/\/bos-scheyern.de\/bo\/wp-content\/uploads\/2024\/09\/20230130_130255-200x150.jpg 200w, https:\/\/bos-scheyern.de\/bo\/wp-content\/uploads\/2024\/09\/20230130_130255-768x576.jpg 768w, https:\/\/bos-scheyern.de\/bo\/wp-content\/uploads\/2024\/09\/20230130_130255-1536x1152.jpg 1536w, https:\/\/bos-scheyern.de\/bo\/wp-content\/uploads\/2024\/09\/20230130_130255-2048x1536.jpg 2048w\" sizes=\"(max-width: 1024px) 100vw, 1024px\" \/><\/figure>\n\n\n\n<div style=\"height:21px\" aria-hidden=\"true\" class=\"wp-block-spacer\"><\/div>\n\n\n\n<p>Am 27. Januar findet der \u201eTag des Gedenkens an die Opfer des Nationalsozialismus\u201c statt. Die AG \u201eSchule ohne Rassismus \/ Schule mit Courage\u201c bietet in diesem Rahmen jedes Jahr einen Impuls zu diesem besonderen Tag an. 2023 beteiligten sich einige Sch\u00fclerinnen und Sch\u00fcler sowie Lehrkr\u00e4fte an der bundesweiten Kampagne #WeRemember und zeigten somit offen ihr Engagement gegen das Vergessen der Gr\u00e4ueltaten des Holocausts. Im letzten Jahr wurden die Geschichten einzelner Holocaust-\u00dcberlebender in den Fokus gestellt. Anhand von QR-Codes konnten die Sch\u00fclerinnen und Sch\u00fcler Interviews von Zeitzeugen abrufen, in denen die Betroffenen von ihrem Schicksal berichteten.<\/p>\n","protected":false},"excerpt":{"rendered":"<p>Am 27. Januar findet der \u201eTag des Gedenkens an die Opfer des Nationalsozialismus\u201c statt. Die AG \u201eSchule ohne Rassismus \/ Schule mit Courage\u201c bietet in diesem Rahmen jedes Jahr einen <a class=\"more-link\" href=\"https:\/\/bos-scheyern.de\/bo\/?page_id=6141\">weiterlesen<span class=\"screen-reader-text\">Aktion zum &#8222;Tag des Gedenkens an die Opfer des Nationalsozialismus&#8220;<\/span><span class=\"meta-nav\">\u2192<\/span><\/a><\/p>\n","protected":false},"author":14,"featured_media":0,"parent":0,"menu_order":4,"comment_status":"closed","ping_status":"closed","template":"","meta":[],"_links":{"self":[{"href":"https:\/\/bos-scheyern.de\/bo\/index.php?rest_route=\/wp\/v2\/pages\/6141"}],"collection":[{"href":"https:\/\/bos-scheyern.de\/bo\/index.php?rest_route=\/wp\/v2\/pages"}],"about":[{"href":"https:\/\/bos-scheyern.de\/bo\/index.php?rest_route=\/wp\/v2\/types\/page"}],"author":[{"embeddable":true,"href":"https:\/\/bos-scheyern.de\/bo\/index.php?rest_route=\/wp\/v2\/users\/14"}],"replies":[{"embeddable":true,"href":"https:\/\/bos-scheyern.de\/bo\/index.php?rest_route=%2Fwp%2Fv2%2Fcomments&post=6141"}],"version-history":[{"count":2,"href":"https:\/\/bos-scheyern.de\/bo\/index.php?rest_route=\/wp\/v2\/pages\/6141\/revisions"}],"predecessor-version":[{"id":6148,"href":"https:\/\/bos-scheyern.de\/bo\/index.php?rest_route=\/wp\/v2\/pages\/6141\/revisions\/6148"}],"wp:attachment":[{"href":"https:\/\/bos-scheyern.de\/bo\/index.php?rest_route=%2Fwp%2Fv2%2Fmedia&parent=6141"}],"curies":[{"name":"wp","href":"https:\/\/api.w.org\/{rel}","templated":true}]}}

<figure class="wp-block-image size-large is-style-default"><img loading="lazy" width="1024" height="768" src="https://bos-scheyern.de/bo/wp-content/uploads/2024/09/20230130_130255-1024x768.jpg" alt="" class="wp-image-6138" srcset="https://bos-scheyern.de/bo/wp-content/uploads/2024/09/20230130_130255-1024x768.jpg 1024w, https://bos-scheyern.de/bo/wp-content/uploads/2024/09/20230130_130255-300x225.jpg 300w, https://bos-scheyern.de/bo/wp-content/uploads/2024/09/20230130_130255-200x150.jpg 200w, https://bos-scheyern.de/bo/wp-content/uploads/2024/09/20230130_130255-768x576.jpg 768w, https://bos-scheyern.de/bo/wp-content/uploads/2024/09/20230130_130255-1536x1152.jpg 1536w, https://bos-scheyern.de/bo/wp-content/uploads/2024/09/20230130_130255-2048x1536.jpg 2048w" sizes="(max-width: 1024px) 100vw, 1024px" /></figure>



<div style="height:21px" aria-hidden="true" class="wp-block-spacer"></div>



<p>Am 27. Januar findet der „Tag des Gedenkens an die Opfer des Nationalsozialismus“ statt. Die AG „Schule ohne Rassismus / Schule mit Courage“ bietet in diesem Rahmen jedes Jahr einen Impuls zu diesem besonderen Tag an. 2023 beteiligten sich einige Schülerinnen und Schüler sowie Lehrkräfte an der bundesweiten Kampagne #WeRemember und zeigten somit offen ihr Engagement gegen das Vergessen der Gräueltaten des Holocausts. Im letzten Jahr wurden die Geschichten einzelner Holocaust-Überlebender in den Fokus gestellt. Anhand von QR-Codes konnten die Schülerinnen und Schüler Interviews von Zeitzeugen abrufen, in denen die Betroffenen von ihrem Schicksal berichteten.</p>
